) = 3*j**3 - 108*j**2 + 37*j - 349. Give n(36).
983
Let i(s) = -18*s**3 - 405*s**2 - 2170*s - 22. What is i(-9)?
-175
Let s(k) = 137*k**3 - 1098*k**2 + 14*k - 185. Determine s(8).
-201
Let m(q) = -143*q**2 + 20*q + 20. Give m(1).
-103
Let m(j) = -10*j**2 + 1353*j + 946. Determine m(136).
-6
Let d(n) = -597*n**2 - 223289*n - 4121. Give d(-374).
-7
Let g(d) = -3*d**3 - 68*d**2 + 538*d + 11920. Determine g(-23).
75
Let p(o) = 343719*o - 1374903. Calculate p(4).
-27
Let v(u) = 2*u**2 + 5450*u - 54589. Calculate v(10).
111
Let i(m) = 10*m**2 - 4629*m - 61785. Give i(-13).
82
Let f(k) = 19*k**2 - 185*k - 160. Give f(10).
-110
Let z(h) = 3555*h - 21215. Give z(6).
115
Let p(h) = -993300*h - 15892789. Determine p(-16).
11
Let v(o) = 32*o**2 + 1568*o + 4694. Give v(-3).
278
Let h(k) = -44941*k + 674209. Determine h(15).
94
Let r(c) = -c**3 - 107*c**2 + 1078*c + 3945. What is r(-116)?
1
Let u(g) = -989*g - 2980. What is u(-3)?
-13
Let k(o) = -31406*o - 8008509. What is k(-255)?
21
Let v(c) = 215*c**2 + 25200*c + 5252. Calculate v(-117).
-13
Let h(u) = u**3 + 44*u**2 + 48*u - 1497. Calculate h(-42).
15
Let m(p) = 54*p**2 - 4904*p - 214. Give m(91).
696
Let r(c) = -2*c**3 - 561*c**2 - 310*c - 8379. Determine r(-280).
21
Let j(t) = 20*t**2 + 238*t + 531. Determine j(-4).
-101
Let w(h) = -306*h - 27107. Calculate w(-89).
127
Let i(h) = -h**3 + 94*h**2 + 1206*h - 134632. Give i(91).
-43
Let f(a) = -522*a**2 + 1193292*a. Calculate f(2286).
0
Let d(g) = -g**3 + 55*g**2 + 726*g + 245. Determine d(66).
245
Let p(j) = 7*j**3 - 39*j**2 + 24*j + 117. Give p(-4).
-1051
Let f(d) = 8*d**3 - 5687*d**2 + 4*d + 14. Calculate f(0).
14
Let f(s) = 7*s**3 + 20*s**2 - 194*s - 844. What is f(-4)?
-196
Let n(r) = r**2 + 180608*r + 3611758. Calculate n(-20).
-2
Let p(r) = 70336*r + 211011. Calculate p(-3).
3
Let r(b) = -32*b - 1903. Determine r(-48).
-367
Let u(h) = -h**3 + 128*h**2 - 267*h + 1899. What is u(126)?
9
Let j(s) = -11*s**2 + 127*s + 186. What is j(7)?
536
Let y(l) = 2166*l - 103926. Calculate y(48).
42
Let p(n) = -3401*n - 265268. Calculate p(-78).
10
Let y(i) = 15*i**3 - 452*i**2 - 9*i - 97. Give y(30).
-2167
Let s(k) = -215*k - 33640. What is s(-157)?
115
Let p(y) = 3014*y - 479233. Calculate p(159).
-7
Let t(x) = 245*x**2 + 2682*x + 22. Calculate t(-11).
165
Let c(y) = 2*y**2 - 3064*y - 90553. Determine c(-29).
-15
Let z(p) = p**3 + 177*p**2 - 2177*p - 20527. What is z(-188)?
-35
Let y(w) = 299*w + 1645. Calculate y(-8).
-747
Let a(y) = 40*y - 3096. Calculate a(78).
24
Let n(g) = g**3 - 4*g**2 - 534*g + 1619. What is n(-22)?
783
Let k(b) = 287514*b - 5175256. Calculate k(18).
-4
Let s(w) = -4*w**2 - 533*w + 91871. Determine s(99).
-100
Let d(o) = -o**3 + 408*o**2 - 1412*o - 3033. What is d(5)?
-18
Let b(y) = 2*y**2 + 6137*y - 14. Determine b(0).
-14
Let g(l) = -7*l**2 - 937*l + 13538. Give g(-147).
14
Let m(x) = 4*x**2 - 351*x - 5. Give m(89).
440
Let z(l) = 580*l + 75225. Calculate z(-130).
-175
Let z(c) = 255*c + 5639. Give z(-19).
794
Let b(j) = -926*j**2 + 2014*j + 21. Calculate b(2).
345
Let u(x) = -282*x + 8576. Calculate u(30).
116
Let m(w) = -124*w + 17882. What is m(145)?
-98
Let l(a) = -a**3 - 22*a**2 - 55*a - 296. Determine l(-15).
-1046
Let w(z) = z**3 + 5*z**2 - 38*z + 110. Calculate w(3).
68
Let c(x) = -379*x**2 + 37909*x - 854. Calculate c(100).
46
Let l(v) = 1618*v + 58068. Give l(-36).
-180
Let p(n) = n**3 - 19*n**2 + 24*n + 25. Determine p(16).
-359
Let y(c) = 8*c**2 + 2073*c - 23501. Give y(-270).
-11
Let y(m) = -15469*m + 1020954. Give y(66).
0
Let g(l) = -11*l**2 - 74*l + 639. What is g(9)?
-918
Let a(h) = 58*h - 6547. Determine a(100).
-747
Let x(l) = 2*l**3 + 144*l**2 - 930*l + 86. Give x(-78).
-382
Let m(p) = -p**3 + 81*p**2 - 120*p - 75. What is m(80)?
-3275
Let g(w) = -3*w**3 + 45*w**2 + 150*w + 125. Give g(-5).
875
Let y(d) = -362*d - 86694. Calculate y(-239).
-176
Let p(x) = -4642*x + 22788. Determine p(5).
-422
Let o(b) = b**2 - 76*b - 1439. Calculate o(107).
1878
Let o(a) = -1038*a - 24940. What is o(-24)?
-28
Let a(w) = -w**3 + 26*w**2 - 124*w + 3158. Give a(26).
-66
Let w(m) = -m**3 + 24*m**2 - 17*m + 385. What is w(24)?
-23
Let c(d) = -8*d**2 + 110*d - 41. Calculate c(4).
271
Let b(g) = -g**3 - 25*g**2 + 9*g + 317. Determine b(-25).
92
Let q(n) = 4323*n + 743555. Calculate q(-172).
-1
Let z(y) = 11*y**3 - 52*y**2 + 32*y - 10. Give z(5).
225
Let v(i) = i**2 - 22709*i - 1525985. Calculate v(-67).
7
Let d(i) = -2*i**2 - 77482*i + 697501. Give d(9).
1
Let u(m) = m**3 + 166*m**2 - 18*m - 2990. Determine u(-166).
-2
Let k(m) = 171*m - 12147. Calculate k(71).
-6
Let n(d) = -12*d**3 - 9563*d**2 + 801*d + 3018. Give n(-797).
-170
Let g(y) = -y**2 - 1297*y + 63172. Give g(47).
4
Let s(u) = 1498*u + 2796. Determine s(-2).
-200
Let u(l) = -53*l**2 - 159*l - 62. Determine u(-5).
-592
Let u(w) = w**3 - 25*w**2 - 9553*w - 493. What is u(-86)?
109
Let d(t) = -2*t**2 - 1616*t - 6500. What is d(-4)?
-68
Let r(h) = 145*h + 2447. Calculate r(-17).
-18
Let v(x) = -1553*x - 40376. What is v(-26)?
2
Let o(u) = 3804*u + 505942. Give o(-133).
10
Let f(k) = 4*k**2 - 8399*k - 67191. Give f(-8).
257
Let n(c) = c**3 + 480*c**2 + 3767*c + 1. Calculate n(-8).
73
Let y(v) = 166*v + 11681. What is y(-65)?
891
Let g(d) = -2*d**3 + 216*d**2 - 260*d - 17394. Determine g(106).
-10
Let q(v) = 2*v**3 - 692*v**2 + 155*v - 53326. What is q(346)?
304
Let o(q) = -3105*q - 1772. Give o(-1).
1333
Let x(y) = -y**3 - 214*y**2 + 248*y + 7094. What is x(-215)?
-1
Let l(a) = -375841*a + 1127532. What is l(3)?
9
Let k(y) = -1829*y**2 + 47557*y - 57. Calculate k(26).
21
Let j(i) = 8*i**2 - 241*i - 64528. Give j(-76).
-4
Let c(h) = -141*h + 2836. Give c(15).
721
Let y(n) = 979*n - 54771. What is y(56)?
53
Let k(x) = -219749*x - 2197497. Calculate k(-10).
-7
Let a(m) = 10573*m + 232767. Determine a(-22).
161
Let t(r) = 2*r**3 + 353*r**2 - 3568*r - 6327. Give t(-186).
-3
Let s(x) = -675*x + 1809. Calculate s(3).
-216
Let t(l) = 5936*l + 220045. Give t(-37).
413
Let x(c) = 1243*c**2 + 22344*c + 26. Give x(-18).
566
Let h(j) = j**3 - 25*j**2 - 373*j + 826. Give h(35).
21
Let o(w) = -3*w**2 - 47*w + 1882. Give o(28).
-1786
Let r(o) = 1147*o + 65117. What is r(-57)?
-262
Let q(n) = -9*n**2 + 2180*n + 4421. What is q(-2)?
25
Let q(l) = -73*l**2 - 39127*l + 676. Calculate q(-536).
140
Let o(r) = r**3 + 1788*r**2 - 2827*r - 1856986. Give o(-1789).
-4
Let f(d) = d**3 - 26*d**2 - 25*d + 40. Calculate f(29).
1838
Let l(t) = -6759*t + 750211. Determine l(111).
-38
Let p(v) = -37058*v - 1445240. Determine p(-39).
22
Let g(b) = 10*b**2 + 441*b + 4789. Determine g(-23).
-64
Let i(w) = 7*w**2 - 4556*w + 611037. Calculate i(189).
0
Let j(v) = -v**3 - 210*v**2 + 309*v + 20558. Give j(-211).
-120
Let m(p) = -29265*p - 907299. What is m(-31)?
-84
Let s(d) = -645*d - 5439. Calculate s(-9).
366
Let z(x) = 2938*x - 26764. Give z(9).
-322
Let p(k) = 2*k**2 + 31*k - 286. Give p(22).
1364
Let p(d) = 97*d + 13440. Calculate p(-153).
-1401
Let x(k) = 5*k**2 - 2122*k + 153386. Determine x(332).
2
Let p(s) = 7*s**2 + 3341*s + 136934. Give p(-432).
-10
Let a(o) = -o**3 - 112*o**2 + 2018*o + 192410. Calculate a(-115).
15
Let x(j) = 57550*j + 863256. What is x(-15)?
6
Let c(h) = h**2 + 389*h - 42538. Calculate c(89).
4
Let i(p) = -12251271*p - 61256357. Calculate i(-5).
-2
Let b(y) = -14*y**2 + 2046*y + 8218. Give b(-4).
-190
Let q(l) = 44*l - 3013. Give q(77).
375
Let v(f) = f**2 + 1531*f - 473913. What is v(264)?
-33
Let y(k) = -11*k**2 + 15*k + 134. Determine y(11).
-1032
Let o(k) = 9*k**2 + 846*k - 1516. Calculate o(-96).
212
Let g(w) = 32170*w + 643392. Calculate g(-20).
-8
Let j(c) = -9*c**3 - 2*c**2 + 19*c - 34. What is j(5)?
-1114
Let r(i) = i**3 + 12*i**2 + 65*i - 145. Calculate r(-20).
-4645
Let u(m) = 206*m**2 - 1928*m + 676. Calculate u(9).
10
Let f(u) = 27*u**2 - 4733*u + 1758. Determine f(175).
358
Let o(r) = -3*r**3 - r**2 - 68*r + 24. Calculate o(0).
24
Let d(f) = f**3 + 2*f**2 - 121*f + 503. Determine d(5).
73
Let z(c) = -2582*c - 174603. Give z(-68).
973
Let p(f) = 7*f**2 + 687*f - 4087. Give p(6).
287
Let x(r) = -r**2 + 109*r - 135. Give x(117).
-1071
Let i(f) = 106389*f + 1808656. Give i(-17).
43
Let s(j) = 958176*j + 4790833. Determine s(-5).
-47
Let u(v) = -157*v - 7041. Give u(-49).
652
L